{"id":714,"date":"2024-12-06T15:53:52","date_gmt":"2024-12-06T18:53:52","guid":{"rendered":"https:\/\/fima.org.br\/?page_id=714"},"modified":"2026-03-09T10:19:22","modified_gmt":"2026-03-09T13:19:22","slug":"contatos-2025","status":"publish","type":"page","link":"https:\/\/fima.org.br\/?page_id=714","title":{"rendered":"Contatos com Jornalistas"},"content":{"rendered":"\r\n<p class=\"wp-block-paragraph\">&nbsp;<\/p>\r\n\r\n\r\n\r\n<p class=\"wp-block-paragraph\">Os contatos sobre o <strong>FIMA 2026<\/strong>\u00a0para retiradas de d\u00favidas e solicita\u00e7\u00f5es de entrevistas podem ser realizados por meio destes contatos <em>WhatsApp<\/em>:<\/p>\r\n\r\n\r\n\r\n<p class=\"wp-block-paragraph\">\u2014 Para o <strong>p\u00fablico em geral<\/strong> no hor\u00e1rio comercial &#8211; <strong><a href=\"http:\/\/wa.me\/555132111555\" target=\"_blank\" rel=\"noreferrer noopener\">WhatsApp<\/a><\/strong><\/p>\r\n\r\n\r\n\r\n<p class=\"wp-block-paragraph\">\u2014 Para <strong>Jornalistas<\/strong> e fora do hor\u00e1rio comercial \u2014 <strong><a href=\"http:\/\/wa.me\/5551981118631\" target=\"_blank\" rel=\"noreferrer noopener\">WhatsApp<\/a><\/strong>\u00a0 (e sobre o <em>site<\/em> e pe\u00e7as de divulga\u00e7\u00e3o do evento)<\/p>\r\n\r\n\r\n\r\n<p class=\"wp-block-paragraph\">Tanb\u00e9m pode ser utilizado o endere\u00e7o de <strong>email<\/strong> (com retorno mais <em>lento<\/em>, em princ\u00edpio):\u00a0 <a href=\"mailto:contato@fima.org.br\">contato@fima.org.br<\/a> ou <a href=\"mailto:fima@fima.org.br\">fima@fima.org.br<\/a><\/p>\r\n\r\n\r\n\r\n<p class=\"wp-block-paragraph\">A sede da <strong>ARI &#8211; Associa\u00e7\u00e3o Riograndense de Imprensa<\/strong> localiza-se em Porto Alegre, Centro Hist\u00f3rico &#8211; <strong>Av. Borges de Medeiros, 915 <\/strong>&#8211; Edif\u00edcio Alberto Andr\u00e9. CEP 900020-025 &#8211; email institucional <a href=\"mailto:ari@ari.org.br\" target=\"_blank\" rel=\"noreferrer noopener\">ari@ari.org.br<\/a>.\u00a0 telefone (51) 3211-1555. \u2014 ver no <a href=\"https:\/\/maps.app.goo.gl\/sabEundfwBbb7uR28\" target=\"_blank\" rel=\"noreferrer noopener\">Como ir \u2014 mapa do Google<\/a><\/p>\r\n\r\n\r\n\r\n<p class=\"wp-block-paragraph\">O endere\u00e7o do <em>site<\/em> da ARI \u00e9 <a href=\"http:\/\/www.ari.org.br\" target=\"_blank\" rel=\"noreferrer noopener\">www.ari.org.br\u00a0<\/a><\/p>\r\n\r\n\r\n\r\n<h3 class=\"wp-block-heading\">Grupo no Whats<\/h3>\r\n\r\n\r\n\r\n<p class=\"wp-block-paragraph\">Para melhor se informar sobre o FIMA 2025, <a href=\"https:\/\/chat.whatsapp.com\/HdwE4Knevcq3hwiOkDYqRV\"><strong>assine o Grupo no WhatsApp<\/strong><\/a><\/p>\r\n\r\n\r\n\r\n<h3 class=\"wp-block-heading\">Redes Sociais:<\/h3>\r\n\r\n\r\n\r\n<ul class=\"wp-block-list\">\r\n<li><strong>Facebook:<\/strong> <a href=\"https:\/\/www.facebook.com\/ImprensaRS\" target=\"_blank\" rel=\"noreferrer noopener\">https:\/\/www.facebook.com\/ImprensaRS<\/a><\/li>\r\n\r\n\r\n\r\n<li><strong>Instagram<\/strong>: <a href=\"https:\/\/www.instagram.com\/arimprensa\/\" target=\"_blank\" rel=\"noreferrer noopener\">https:\/\/www.instagram.com\/arimprensa\/<\/a><\/li>\r\n<\/ul>\r\n\r\n\r\n\r\n<p class=\"wp-block-paragraph\">&nbsp;<\/p>\r\n\r\n\r\n\r\n<p class=\"wp-block-paragraph\">&nbsp;<\/p>\r\n\r\n\r\n\r\n<h3 class=\"wp-block-heading\">Veja tamb\u00e9m<\/h3>\r\n\r\n\r\n\r\n<p class=\"wp-block-paragraph\">&nbsp;<\/p>\r\n\r\n\r\n\r\n<p class=\"wp-block-paragraph\">&nbsp;<\/p>\r\n\r\n\r\n\r\n<p class=\"wp-block-paragraph\"><em>Agradecemos indica\u00e7\u00f5es de melhorias neste site<\/em>.<\/p>\r\n","protected":false},"excerpt":{"rendered":"<p>&nbsp; Os contatos sobre o FIMA 2026\u00a0para retiradas de d\u00favidas e solicita\u00e7\u00f5es de entrevistas podem ser realizados por meio destes contatos WhatsApp: \u2014 Para o p\u00fablico em geral no hor\u00e1rio comercial &#8211; WhatsApp \u2014 Para Jornalistas e fora do hor\u00e1rio comercial \u2014 WhatsApp\u00a0 (e sobre o site e pe\u00e7as de divulga\u00e7\u00e3o do evento) Tanb\u00e9m pode [&hellip;]<\/p>\n","protected":false},"author":1,"featured_media":0,"parent":0,"menu_order":0,"comment_status":"closed","ping_status":"closed","template":"","meta":{"_crdt_document":"","_themeisle_gutenberg_block_has_review":false,"jetpack_post_was_ever_published":false,"footnotes":""},"class_list":["post-714","page","type-page","status-publish","hentry"],"jetpack_sharing_enabled":true,"_links":{"self":[{"href":"https:\/\/fima.org.br\/index.php?rest_route=\/wp\/v2\/pages\/714","targetHints":{"allow":["GET"]}}],"collection":[{"href":"https:\/\/fima.org.br\/index.php?rest_route=\/wp\/v2\/pages"}],"about":[{"href":"https:\/\/fima.org.br\/index.php?rest_route=\/wp\/v2\/types\/page"}],"author":[{"embeddable":true,"href":"https:\/\/fima.org.br\/index.php?rest_route=\/wp\/v2\/users\/1"}],"replies":[{"embeddable":true,"href":"https:\/\/fima.org.br\/index.php?rest_route=%2Fwp%2Fv2%2Fcomments&post=714"}],"version-history":[{"count":15,"href":"https:\/\/fima.org.br\/index.php?rest_route=\/wp\/v2\/pages\/714\/revisions"}],"predecessor-version":[{"id":1973,"href":"https:\/\/fima.org.br\/index.php?rest_route=\/wp\/v2\/pages\/714\/revisions\/1973"}],"wp:attachment":[{"href":"https:\/\/fima.org.br\/index.php?rest_route=%2Fwp%2Fv2%2Fmedia&parent=714"}],"curies":[{"name":"wp","href":"https:\/\/api.w.org\/{rel}","templated":true}]}}