{"id":752,"date":"2024-12-06T17:59:43","date_gmt":"2024-12-06T20:59:43","guid":{"rendered":"https:\/\/fima.org.br\/?page_id=752"},"modified":"2026-02-07T18:46:36","modified_gmt":"2026-02-07T21:46:36","slug":"o-pampa-sera-o-tema-do-fima-2025","status":"publish","type":"page","link":"https:\/\/fima.org.br\/?page_id=752","title":{"rendered":"Apresenta\u00e7\u00e3o (2025)"},"content":{"rendered":"\n<p class=\"wp-block-paragraph\">FIMA 2025<\/p>\n\n\n\n<h3 class=\"wp-block-heading\">BIOMA PAMPA: CLIMA, CONSERVA\u00c7\u00c3O E ATIVIDADES ECON\u00d4MICAS<br><strong>13\u00ba FIMA<\/strong> F\u00d3RUM INTERNACIONAL DO MEIO AMBIENTE \/ 2025<\/h3>\n\n\n\n<p class=\"wp-block-paragraph\"><\/p>\n\n\n\n<p class=\"wp-block-paragraph\">A <a href=\"http:\/\/ari.org.br\">ARI &#8211; Associa\u00e7\u00e3o Riograndense de Imprensa<\/a> promove entre <strong>26 e 27 de mar\u00e7o de 2025,<\/strong> o <strong>13\u00ba FIMA \u2013 F\u00f3rum Internacional do Meio Ambiente, <\/strong>que ter\u00e1 como tema principal <strong>\u201cBioma Pampa: Clima, Conserva\u00e7\u00e3o e Atividades Econ\u00f4micas\u201d<\/strong>. A programa\u00e7\u00e3o est\u00e1 sendo constru\u00edda com in\u00fameras entidades da sociedade civil e governamentais. Todos as informa\u00e7\u00f5es e inscri\u00e7\u00f5es ser\u00e3o disponibilizadas no site da ARI e no espec\u00edfico do evento: <a href=\"http:\/\/www.fima.org.br\" data-type=\"link\" data-id=\"www.fima.org.br\">www.fima.org.br<\/a>.<\/p>\n\n\n\n<p class=\"wp-block-paragraph\">O <strong>Bioma Pampa<\/strong> foi o tema escolhido para o <strong>FIMA 2025<\/strong> por envolver um dos maiores desafios atuais para o Rio Grande do Sul: conservar a biodiversidade e a extens\u00e3o do \u00fanico bioma brasileiro que ocorre apenas em um Estado. E que representa a cultura mais conhecida regionalmente com a pecu\u00e1ria, as fazendas e os povos origin\u00e1rios. O evento tamb\u00e9m abordar\u00e1 o tema do <strong>Pampa <\/strong>no contexto da crise clim\u00e1tica global que ser\u00e1 abordado j\u00e1 em sua abertura a cargo dos Professores Jefferson Cardia Sim\u00f5es e Francisco Eliseu Aquino do <a href=\"http:\/\/www.centropolar.com\">Centro Polar e Clim\u00e1tico<\/a> da UFRGS.<\/p>\n\n\n\n<p class=\"wp-block-paragraph\"><strong>O Pampa <\/strong>&#8211; Apesar da riqueza em biodiversidade e paisagens naturais, e sua import\u00e2ncia para a economia e cultura regionais, a regi\u00e3o do Pampa n\u00e3o \u00e9 protegida adequadamente pelas atuais pol\u00edticas de conserva\u00e7\u00e3o. S\u00f3 nas \u00faltimas duas d\u00e9cadas, a \u00e1rea de campo diminuiu, dando lugar \u00e0s lavouras de soja e outros cereais, al\u00e9m do uso para silvicultura.<\/p>\n\n\n\n<p class=\"wp-block-paragraph\">A progressiva introdu\u00e7\u00e3o e expans\u00e3o das monoculturas e das pastagens com esp\u00e9cies ex\u00f3ticas t\u00eam levado a uma r\u00e1pida degrada\u00e7\u00e3o e descaracteriza\u00e7\u00e3o das paisagens naturais do Pampa. A perda da biodiversidade compromete o potencial de desenvolvimento sustent\u00e1vel da regi\u00e3o, seja pela extin\u00e7\u00e3o de esp\u00e9cies de valor forrageiro, alimentar, ornamental e medicinal, seja pelo comprometimento dos servi\u00e7os ambientais proporcionados pela vegeta\u00e7\u00e3o campestre: o controle da eros\u00e3o do solo e o sequestro de carbono que atenua as mudan\u00e7as clim\u00e1ticas, conforme o Minist\u00e9rio do Meio Ambiente e Mudan\u00e7a do Clima.<\/p>\n\n\n\n<p class=\"wp-block-paragraph\"><strong>Programa\u00e7\u00e3o &amp; participantes \u2013<\/strong> prev\u00ea pain\u00e9is sobre a import\u00e2ncia do Pampa em v\u00e1rias \u00e1reas da cultura e da economia do Rio Grande do Sul. O grande objetivo \u00e9 viabilizar caminhos para que o bioma Pampa e seus ecossistemas sejam conservados, contribuindo para di\u00e1logos efetivos entre os diversos atores \u2013 setor p\u00fablico, produtores rurais e empresas que exploram a silvicultura, pesquisadores e acad\u00eamicos, sociedade civil e ambientalistas, O evento objetiva proporcionar uma vis\u00e3o ampla e cr\u00edtica sobre a conserva\u00e7\u00e3o do Pampa para as futuras gera\u00e7\u00f5es.<\/p>\n\n\n\n<p class=\"wp-block-paragraph\">A <a href=\"https:\/\/fima.org.br\/?page_id=786\" data-type=\"page\" data-id=\"786\" target=\"_blank\" rel=\"noreferrer noopener\"><strong>programa\u00e7\u00e3o<\/strong><\/a> \u00e9 dirigida aos estudantes e profissionais da Comunica\u00e7\u00e3o Social e de outros cursos universit\u00e1rios, aos operadores do Direito e da \u00e1rea ambiental, lideran\u00e7as empresariais e comunidade em geral.  <\/p>\n\n\n\n<p class=\"wp-block-paragraph\">Haver\u00e1 pain\u00e9is sobre a import\u00e2ncia do bioma para o Estado, as conseq\u00fc\u00eancias para o Pampa das mudan\u00e7as do clima;  a import\u00e2ncia da pecu\u00e1ria para a recupera\u00e7\u00e3o e a manuten\u00e7\u00e3o dos campos nativos; como \u00e9 visto e descritoo Pampa nos meios de comunica\u00e7\u00e3o; as atividades de minera\u00e7\u00e3o e as consequ\u00eancias da instala\u00e7\u00e3o de monoculturas agr\u00edcolas na regi\u00e3o. Tamb\u00e9m ser\u00e1 abordado o turismo e sua crescente import\u00e2ncia para a economia da regi\u00e3o tur\u00edstica e a aplica\u00e7\u00e3o da reserva legal prevista na legisla\u00e7\u00e3o nas propriedades, a pecu\u00e1ria org\u00e2nica e muitos outros temas. <\/p>\n\n\n\n<p class=\"wp-block-paragraph\">Vejam quem s\u00e3o os palestrantes e painelistas <strong><a href=\"https:\/\/fima.org.br\/?page_id=792\" data-type=\"page\" data-id=\"792\" target=\"_blank\" rel=\"noreferrer noopener\">neste link<\/a><\/strong>.<\/p>\n\n\n\n<p class=\"wp-block-paragraph\">A partir de 2024, as edi\u00e7\u00f5es do FIMA s\u00e3o realizadas nos meses de mar\u00e7o. A programa\u00e7\u00e3o dever\u00e1 ser divulgada no in\u00edcio de fevereiro de 2025 junto com a abertura de inscri\u00e7\u00f5es para participa\u00e7\u00e3o presencial.<\/p>\n\n\n\n<h4 class=\"wp-block-heading\">Transmiss\u00e3o pelo YouTube<\/h4>\n\n\n\n<p class=\"wp-block-paragraph\">Veja na <strong><a href=\"https:\/\/fima.org.br\/?page_id=1424\" data-type=\"page\" data-id=\"784\" target=\"_blank\" rel=\"noreferrer noopener\">p\u00e1gina de divulga\u00e7\u00e3o <\/a><\/strong>os links para os v\u00eddeos da transmiss\u00e3o ao vivo do evento, separados por turno. <em>Ressaltamos que \u00e9 muito mais interessante a presen\u00e7a f\u00edsica no Memorial do Legislativo para intera\u00e7\u00e3o entre os participantes. <\/em><\/p>\n\n\n\n<h4 class=\"wp-block-heading\">Patrocinadores e Apoiadores<\/h4>\n\n\n\n<p class=\"wp-block-paragraph\">Patrocinam o evento o<strong><a href=\"https:\/\/prefeitura.poa.br\/dmae\" target=\"_blank\" rel=\"noreferrer noopener\"> DMAE &#8211; Departamento Municipal de \u00c1guas e Esgoto<\/a><\/strong> da Prefeitura Municipal de Porto Alegre e a empresa <a href=\"https:\/\/corsan.com.br\/\" target=\"_blank\" rel=\"noreferrer noopener\"><strong>CORSAN-AEGEA.<\/strong><\/a><\/p>\n\n\n\n<p class=\"wp-block-paragraph\">Ap\u00f3iam institucionalmente a <a href=\"http:\/\/www.al.rs.gov.br\" target=\"_blank\" rel=\"noreferrer noopener\"><strong>Assembleia Legislativa do Rio Grande do Sul,<\/strong><\/a> a <a href=\"https:\/\/www.amprs.com.br\/\"><strong>Associa\u00e7\u00e3o do Minist\u00e9rio P\u00fablico do Rio Grande do Sul<\/strong><\/a> e o <strong><a href=\"https:\/\/www.mprs.mp.br\/\" target=\"_blank\" rel=\"noreferrer noopener\">Minist\u00e9rio P\u00fablico Estadual<\/a><\/strong>.<\/p>\n\n\n\n<p class=\"wp-block-paragraph\">Tamb\u00e9m ap\u00f3iam a <strong><a href=\"http:\/\/www.pucrs.br\">PUC-RS<\/a><\/strong>, a Universidade <a href=\"http:\/\/www.feevale.br\" target=\"_blank\" rel=\"noreferrer noopener\"><strong>FEEVALE<\/strong><\/a>, o <a href=\"https:\/\/jornalismoemeioambiente.com\/\" target=\"_blank\" rel=\"noreferrer noopener\"><strong>Grupo de Pesquisa em Jornalismo Ambiental <\/strong><\/a><a href=\"http:\/\/gpja ppgcom\"><strong>\/ PPGCOM UFRGS<\/strong><\/a> e a <strong><a href=\"https:\/\/urcamp.edu.br\/\" target=\"_blank\" rel=\"noreferrer noopener\">URCAMP<\/a><\/strong>.<\/p>\n\n\n\n<h4 class=\"wp-block-heading\">Dica Importante<\/h4>\n\n\n\n<p class=\"wp-block-paragraph\"> \u2014&gt; Inscreva-se no <a href=\"https:\/\/chat.whatsapp.com\/HdwE4Knevcq3hwiOkDYqRV\"><strong>grupo de informes sobre o FIMA no WhatsApp<\/strong><\/a> para receber atualiza\u00e7\u00f5es diretamente em seu smartphone.<\/p>\n\n\n\n<h4 class=\"wp-block-heading\">Quem participa do planejamento, organiza\u00e7\u00e3o e execu\u00e7\u00e3o:<\/h4>\n\n\n\n<p class=\"wp-block-paragraph\"><strong>Pela Diretoria da ARI <\/strong>\u2014 (<em>apenas os que participam mais diretamente do FIMA<\/em>)<\/p>\n\n\n\n<p class=\"wp-block-paragraph\"><strong>PRESIDENTE<\/strong>: Jos\u00e9 Maria Rodrigues Nunes<br><strong>1\u00ba VICE<\/strong>: Cl\u00e1udia da Fonseca Coutinho<br><strong>2\u00ba VICE<\/strong>: Leandro Oleg\u00e1rio dos Santos<\/p>\n\n\n\n<p class=\"wp-block-paragraph\"><strong>ASSESSORIA DA PRESID\u00caNCIA<\/strong><br>Fl\u00e1vio Antonio Vieira Dutra<\/p>\n\n\n\n<p class=\"wp-block-paragraph\"><strong>DEPARTAMENTO DE POLITICA AMBIENTAL<\/strong> &#8211; <em>Coordena\u00e7\u00e3o  da Comiss\u00e3o Organizadora<\/em><br>Jo\u00e3o Batista Santaf\u00e9 Aguiar<br>Daniela Sallet<\/p>\n\n\n\n<p class=\"wp-block-paragraph\"><strong>DEPARTAMENTO DE CULTURA<\/strong><br>Nilson Luiz Souza<\/p>\n\n\n\n<p class=\"wp-block-paragraph\"><strong>DEPARTAMENTO DE RELA\u00c7\u00d5ES P\u00daBLICAS E PROMO\u00c7\u00d5ES<\/strong><br>Vera Guimar\u00e3es<\/p>\n\n\n\n<p class=\"wp-block-paragraph\"><strong>DEPARTAMENTO DE DIVULGA\u00c7\u00c3O<\/strong><br>Tatiana Cortes Gomes<\/p>\n\n\n\n<p class=\"wp-block-paragraph\"><strong>DEPARTAMENTO DE INFORMATICA (M\u00cdDIA DIGITAL)<\/strong><br>Magali Schmitt<\/p>\n\n\n\n<p class=\"wp-block-paragraph\"><strong>COMISS\u00c3O ORGANIZADORA <\/strong> \u2014 <em>Integrantes externos \u00e0 ARI<\/em><\/p>\n\n\n\n<p class=\"wp-block-paragraph\">\u2014 Angela Escosteguy<br>\u2014 Ilza Maria Tourinho Girardi<br>\u2014 Rodrigo Dutra<br>\u2014 Ana Maria Moreira Marchesan, pelo MPRS<\/p>\n\n\n\n<p class=\"wp-block-paragraph\"><strong>SUPERINTENDENTE DA ARI<\/strong><\/p>\n\n\n\n<p class=\"wp-block-paragraph\">\u2014 Thamara da Costa Pereira<\/p>\n\n\n\n<p class=\"wp-block-paragraph\"><strong>DIVULGA\u00c7\u00c3O<\/strong><\/p>\n\n\n\n<p class=\"wp-block-paragraph\">A <strong><a href=\"https:\/\/corecomunicacao.com.br\/\" target=\"_blank\" rel=\"noreferrer noopener\">CORE COMUNICA\u00c7\u00c3O &amp; RELACIONAMENTO<\/a><\/strong> est\u00e1 trabalhando na divulga\u00e7\u00e3o e assessoria de imprensa. <\/p>\n\n\n\n<p class=\"wp-block-paragraph\"><\/p>\n\n\n\n<p class=\"wp-block-paragraph\"><\/p>\n\n\n\n<h3 class=\"wp-block-heading\">Veja tamb\u00e9m <\/h3>\n\n\n\n<p class=\"wp-block-paragraph\"><strong><a href=\"https:\/\/fima.org.br\/?page_id=943\" data-type=\"page\" data-id=\"943\">Local: Memorial da Assembleia &#8211; Como Ir <\/a>\u2014 <a href=\"https:\/\/fima.org.br\/?page_id=752\" data-type=\"page\" data-id=\"752\">Apresenta\u00e7\u00e3o<\/a> \u2014 <a href=\"https:\/\/fima.org.br\/?page_id=786\" data-type=\"page\" data-id=\"786\">Programa\u00e7\u00e3o <\/a>\u2014 <a href=\"https:\/\/fima.org.br\/?page_id=1424\" target=\"_blank\" rel=\"noreferrer noopener\">V\u00eddeos 2025<\/a> &#8211; <a href=\"https:\/\/fima.org.br\/?page_id=792\" data-type=\"page\" data-id=\"792\">Painelistas<\/a> \u2014 <a href=\"https:\/\/fima.org.br\/?page_id=28\" data-type=\"page\" data-id=\"28\">Sobre a ARI <\/a>\u2014 <a href=\"https:\/\/fima.org.br\/?page_id=941\" data-type=\"page\" data-id=\"941\">Apoios e Patrocinadores <\/a>\u2014 <a href=\"https:\/\/fima.org.br\/?page_id=714\" data-type=\"page\" data-id=\"714\" target=\"_blank\" rel=\"noreferrer noopener\">Contatos <\/a>\u2014 <a href=\"https:\/\/chat.whatsapp.com\/HdwE4Knevcq3hwiOkDYqRV\" target=\"_blank\" rel=\"noreferrer noopener\">Grupo no WhatsApp<\/a><\/strong><\/p>\n\n\n\n<p class=\"wp-block-paragraph\"><\/p>\n\n\n\n<p class=\"wp-block-paragraph\"><\/p>\n","protected":false},"excerpt":{"rendered":"<p>FIMA 2025 BIOMA PAMPA: CLIMA, CONSERVA\u00c7\u00c3O E ATIVIDADES ECON\u00d4MICAS13\u00ba FIMA F\u00d3RUM INTERNACIONAL DO MEIO AMBIENTE \/ 2025 A ARI &#8211; Associa\u00e7\u00e3o Riograndense de Imprensa promove entre 26 e 27 de mar\u00e7o de 2025, o 13\u00ba FIMA \u2013 F\u00f3rum Internacional do Meio Ambiente, que ter\u00e1 como tema principal \u201cBioma Pampa: Clima, Conserva\u00e7\u00e3o e Atividades Econ\u00f4micas\u201d. A [&hellip;]<\/p>\n","protected":false},"author":1,"featured_media":0,"parent":0,"menu_order":0,"comment_status":"closed","ping_status":"closed","template":"","meta":{"_crdt_document":"","_themeisle_gutenberg_block_has_review":false,"jetpack_post_was_ever_published":false,"footnotes":""},"class_list":["post-752","page","type-page","status-publish","hentry"],"jetpack_sharing_enabled":true,"_links":{"self":[{"href":"https:\/\/fima.org.br\/index.php?rest_route=\/wp\/v2\/pages\/752","targetHints":{"allow":["GET"]}}],"collection":[{"href":"https:\/\/fima.org.br\/index.php?rest_route=\/wp\/v2\/pages"}],"about":[{"href":"https:\/\/fima.org.br\/index.php?rest_route=\/wp\/v2\/types\/page"}],"author":[{"embeddable":true,"href":"https:\/\/fima.org.br\/index.php?rest_route=\/wp\/v2\/users\/1"}],"replies":[{"embeddable":true,"href":"https:\/\/fima.org.br\/index.php?rest_route=%2Fwp%2Fv2%2Fcomments&post=752"}],"version-history":[{"count":32,"href":"https:\/\/fima.org.br\/index.php?rest_route=\/wp\/v2\/pages\/752\/revisions"}],"predecessor-version":[{"id":1552,"href":"https:\/\/fima.org.br\/index.php?rest_route=\/wp\/v2\/pages\/752\/revisions\/1552"}],"wp:attachment":[{"href":"https:\/\/fima.org.br\/index.php?rest_route=%2Fwp%2Fv2%2Fmedia&parent=752"}],"curies":[{"name":"wp","href":"https:\/\/api.w.org\/{rel}","templated":true}]}}