{"id":941,"date":"2025-02-14T16:44:22","date_gmt":"2025-02-14T19:44:22","guid":{"rendered":"https:\/\/fima.org.br\/apoios-e-patrocinador"},"modified":"2025-03-12T22:24:48","modified_gmt":"2025-03-13T01:24:48","slug":"apoios-e-patrocinador","status":"publish","type":"page","link":"https:\/\/fima.org.br\/?page_id=941","title":{"rendered":"Realiza\u00e7\u00e3o, Apoios e Patrocinadores \/ 2025"},"content":{"rendered":"\n<h2 class=\"wp-block-heading\"><mark style=\"background-color:#f9f9f9\" class=\"has-inline-color has-blue-color\">Realiza\u00e7\u00e3o<\/mark><\/h2>\n\n\n<div class=\"wp-block-image\">\n<figure class=\"aligncenter size-full is-resized\"><a href=\"http:\/\/www.ari.org.br\" target=\"_blank\" rel=\" noreferrer noopener\"><img loading=\"lazy\" decoding=\"async\" width=\"709\" height=\"355\" src=\"https:\/\/fima.org.br\/wp-content\/uploads\/2025\/02\/LOGO-ARI-LETTERING-fundo-transpar-1.png\" alt=\"\" class=\"wp-image-1137\" style=\"width:244px;height:auto\" srcset=\"https:\/\/fima.org.br\/wp-content\/uploads\/2025\/02\/LOGO-ARI-LETTERING-fundo-transpar-1.png 709w, https:\/\/fima.org.br\/wp-content\/uploads\/2025\/02\/LOGO-ARI-LETTERING-fundo-transpar-1-300x150.png 300w\" sizes=\"auto, (max-width: 709px) 100vw, 709px\" \/><\/a><\/figure>\n<\/div>\n\n\n<div class=\"wp-block-group is-nowrap is-layout-flex wp-container-core-group-is-layout-8f761849 wp-block-group-is-layout-flex\">\n<h2 class=\"wp-block-heading\">Apoio Institucional<\/h2>\n<\/div>\n\n\n<div class=\"wp-block-image\">\n<figure class=\"aligncenter size-full is-resized\"><a href=\"http:\/\/www.al.rs.gov.br\" target=\"_blank\" rel=\" noreferrer noopener\"><img loading=\"lazy\" decoding=\"async\" width=\"300\" height=\"124\" src=\"https:\/\/fima.org.br\/wp-content\/uploads\/2025\/02\/assembleia-legislativa-do-rs-logo-E76D6B23A9-seeklogo.com_-1.png\" alt=\"\" class=\"wp-image-1132\" style=\"width:262px;height:auto\"\/><\/a><\/figure>\n<\/div>\n\n<div class=\"wp-block-image\">\n<figure class=\"aligncenter size-large is-resized\"><a href=\"https:\/\/www.amprs.com.br\/\" target=\"_blank\" rel=\" noreferrer noopener\"><img loading=\"lazy\" decoding=\"async\" width=\"1024\" height=\"507\" src=\"https:\/\/fima.org.br\/wp-content\/uploads\/2025\/02\/LOGO_AMP_FINAL-2-1-1-1024x507.png\" alt=\"\" class=\"wp-image-1128\" style=\"width:261px;height:auto\" srcset=\"https:\/\/fima.org.br\/wp-content\/uploads\/2025\/02\/LOGO_AMP_FINAL-2-1-1-1024x507.png 1024w, https:\/\/fima.org.br\/wp-content\/uploads\/2025\/02\/LOGO_AMP_FINAL-2-1-1-300x149.png 300w, https:\/\/fima.org.br\/wp-content\/uploads\/2025\/02\/LOGO_AMP_FINAL-2-1-1-768x381.png 768w, https:\/\/fima.org.br\/wp-content\/uploads\/2025\/02\/LOGO_AMP_FINAL-2-1-1-1536x761.png 1536w, https:\/\/fima.org.br\/wp-content\/uploads\/2025\/02\/LOGO_AMP_FINAL-2-1-1.png 1762w\" sizes=\"auto, (max-width: 1024px) 100vw, 1024px\" \/><\/a><\/figure>\n<\/div>\n\n<div class=\"wp-block-image\">\n<figure class=\"aligncenter size-large is-resized\"><a href=\"https:\/\/www.mprs.mp.br\/\" target=\"_blank\" rel=\" noreferrer noopener\"><img loading=\"lazy\" decoding=\"async\" width=\"1024\" height=\"469\" src=\"https:\/\/fima.org.br\/wp-content\/uploads\/2025\/02\/Captura-de-Tela-2025-02-18-as-19.13.24-1024x469.png\" alt=\"\" class=\"wp-image-1138\" style=\"width:280px;height:auto\" srcset=\"https:\/\/fima.org.br\/wp-content\/uploads\/2025\/02\/Captura-de-Tela-2025-02-18-as-19.13.24-1024x469.png 1024w, https:\/\/fima.org.br\/wp-content\/uploads\/2025\/02\/Captura-de-Tela-2025-02-18-as-19.13.24-300x137.png 300w, https:\/\/fima.org.br\/wp-content\/uploads\/2025\/02\/Captura-de-Tela-2025-02-18-as-19.13.24-768x352.png 768w, https:\/\/fima.org.br\/wp-content\/uploads\/2025\/02\/Captura-de-Tela-2025-02-18-as-19.13.24.png 1040w\" sizes=\"auto, (max-width: 1024px) 100vw, 1024px\" \/><\/a><\/figure>\n<\/div>\n\n\n<h2 class=\"wp-block-heading\">Apoios<\/h2>\n\n\n<div class=\"wp-block-image\">\n<figure class=\"aligncenter size-full is-resized\"><a href=\"http:\/\/www.pucrs.br\" target=\"_blank\" rel=\" noreferrer noopener\"><img loading=\"lazy\" decoding=\"async\" width=\"590\" height=\"332\" src=\"https:\/\/fima.org.br\/wp-content\/uploads\/2025\/02\/thumbnail_PUCRS-AZUL-1.png\" alt=\"\" class=\"wp-image-1123\" style=\"width:220px;height:auto\" srcset=\"https:\/\/fima.org.br\/wp-content\/uploads\/2025\/02\/thumbnail_PUCRS-AZUL-1.png 590w, https:\/\/fima.org.br\/wp-content\/uploads\/2025\/02\/thumbnail_PUCRS-AZUL-1-300x169.png 300w, https:\/\/fima.org.br\/wp-content\/uploads\/2025\/02\/thumbnail_PUCRS-AZUL-1-350x197.png 350w, https:\/\/fima.org.br\/wp-content\/uploads\/2025\/02\/thumbnail_PUCRS-AZUL-1-528x297.png 528w\" sizes=\"auto, (max-width: 590px) 100vw, 590px\" \/><\/a><\/figure>\n<\/div>\n\n<div class=\"wp-block-image\">\n<figure class=\"aligncenter size-large is-resized\"><a href=\"http:\/\/www.feevale.br\" target=\"_blank\" rel=\" noreferrer noopener\"><img loading=\"lazy\" decoding=\"async\" width=\"1024\" height=\"220\" src=\"https:\/\/fima.org.br\/wp-content\/uploads\/2025\/02\/Feevale-selo55anos-pto-1-1024x220.png\" alt=\"\" class=\"wp-image-1130\" style=\"width:244px;height:auto\" srcset=\"https:\/\/fima.org.br\/wp-content\/uploads\/2025\/02\/Feevale-selo55anos-pto-1-1024x220.png 1024w, https:\/\/fima.org.br\/wp-content\/uploads\/2025\/02\/Feevale-selo55anos-pto-1-300x64.png 300w, https:\/\/fima.org.br\/wp-content\/uploads\/2025\/02\/Feevale-selo55anos-pto-1-768x165.png 768w, https:\/\/fima.org.br\/wp-content\/uploads\/2025\/02\/Feevale-selo55anos-pto-1-1536x329.png 1536w, https:\/\/fima.org.br\/wp-content\/uploads\/2025\/02\/Feevale-selo55anos-pto-1.png 1921w\" sizes=\"auto, (max-width: 1024px) 100vw, 1024px\" \/><\/a><\/figure>\n<\/div>\n\n<div class=\"wp-block-image\">\n<figure class=\"aligncenter size-large is-resized\"><img loading=\"lazy\" decoding=\"async\" width=\"1024\" height=\"365\" src=\"https:\/\/fima.org.br\/wp-content\/uploads\/2025\/02\/PHOTO-2025-02-19-19-52-59-1-1024x365.jpg\" alt=\"\" class=\"wp-image-1163\" style=\"width:341px;height:auto\" srcset=\"https:\/\/fima.org.br\/wp-content\/uploads\/2025\/02\/PHOTO-2025-02-19-19-52-59-1-1024x365.jpg 1024w, https:\/\/fima.org.br\/wp-content\/uploads\/2025\/02\/PHOTO-2025-02-19-19-52-59-1-300x107.jpg 300w, https:\/\/fima.org.br\/wp-content\/uploads\/2025\/02\/PHOTO-2025-02-19-19-52-59-1-768x274.jpg 768w, https:\/\/fima.org.br\/wp-content\/uploads\/2025\/02\/PHOTO-2025-02-19-19-52-59-1.jpg 1244w\" sizes=\"auto, (max-width: 1024px) 100vw, 1024px\" \/><\/figure>\n<\/div>\n\n<div class=\"wp-block-image\">\n<figure class=\"aligncenter size-full is-resized\"><a href=\"https:\/\/urcamp.edu.br\/\" target=\"_blank\" rel=\" noreferrer noopener\"><img loading=\"lazy\" decoding=\"async\" width=\"640\" height=\"209\" src=\"https:\/\/fima.org.br\/wp-content\/uploads\/2025\/02\/640px-Logo_Oficial_Urcamp_Novo-1.png\" alt=\"\" class=\"wp-image-1134\" style=\"width:247px;height:auto\" srcset=\"https:\/\/fima.org.br\/wp-content\/uploads\/2025\/02\/640px-Logo_Oficial_Urcamp_Novo-1.png 640w, https:\/\/fima.org.br\/wp-content\/uploads\/2025\/02\/640px-Logo_Oficial_Urcamp_Novo-1-300x98.png 300w\" sizes=\"auto, (max-width: 640px) 100vw, 640px\" \/><\/a><\/figure>\n<\/div>\n\n\n<p class=\"wp-block-paragraph\"><\/p>\n\n\n\n<h2 class=\"wp-block-heading wp-block-list\">Patroc\u00ednios<\/h2>\n\n\n<div class=\"wp-block-image\">\n<figure class=\"aligncenter size-large is-resized\"><a href=\"https:\/\/www.corsan.com.br\/inicial\" target=\"_blank\" rel=\" noreferrer noopener\"><img loading=\"lazy\" decoding=\"async\" width=\"1024\" height=\"416\" src=\"https:\/\/fima.org.br\/wp-content\/uploads\/2025\/02\/Captura-de-Tela-2025-02-18-as-19.18.42-1024x416.png\" alt=\"\" class=\"wp-image-1141\" style=\"width:250px;height:auto\" srcset=\"https:\/\/fima.org.br\/wp-content\/uploads\/2025\/02\/Captura-de-Tela-2025-02-18-as-19.18.42-1024x416.png 1024w, https:\/\/fima.org.br\/wp-content\/uploads\/2025\/02\/Captura-de-Tela-2025-02-18-as-19.18.42-300x122.png 300w, https:\/\/fima.org.br\/wp-content\/uploads\/2025\/02\/Captura-de-Tela-2025-02-18-as-19.18.42-768x312.png 768w, https:\/\/fima.org.br\/wp-content\/uploads\/2025\/02\/Captura-de-Tela-2025-02-18-as-19.18.42.png 1404w\" sizes=\"auto, (max-width: 1024px) 100vw, 1024px\" \/><\/a><\/figure>\n<\/div>\n\n<div class=\"wp-block-image\">\n<figure class=\"aligncenter size-large is-resized\"><a href=\"https:\/\/prefeitura.poa.br\/dmae\" target=\"_blank\" rel=\" noreferrer noopener\"><img loading=\"lazy\" decoding=\"async\" width=\"1024\" height=\"380\" src=\"https:\/\/fima.org.br\/wp-content\/uploads\/2025\/02\/LOGO-DMAE-2023-sem-slogan-1024x380.png\" alt=\"\" class=\"wp-image-1152\" style=\"width:230px;height:auto\" srcset=\"https:\/\/fima.org.br\/wp-content\/uploads\/2025\/02\/LOGO-DMAE-2023-sem-slogan-1024x380.png 1024w, https:\/\/fima.org.br\/wp-content\/uploads\/2025\/02\/LOGO-DMAE-2023-sem-slogan-300x111.png 300w, https:\/\/fima.org.br\/wp-content\/uploads\/2025\/02\/LOGO-DMAE-2023-sem-slogan-768x285.png 768w, https:\/\/fima.org.br\/wp-content\/uploads\/2025\/02\/LOGO-DMAE-2023-sem-slogan-1536x570.png 1536w, https:\/\/fima.org.br\/wp-content\/uploads\/2025\/02\/LOGO-DMAE-2023-sem-slogan-2048x760.png 2048w\" sizes=\"auto, (max-width: 1024px) 100vw, 1024px\" \/><\/a><\/figure>\n<\/div>\n\n\n<p class=\"wp-block-paragraph\"><\/p>\n","protected":false},"excerpt":{"rendered":"<p>Realiza\u00e7\u00e3o Apoio Institucional Apoios Patroc\u00ednios<\/p>\n","protected":false},"author":1,"featured_media":0,"parent":0,"menu_order":0,"comment_status":"closed","ping_status":"closed","template":"","meta":{"_crdt_document":"","_themeisle_gutenberg_block_has_review":false,"jetpack_post_was_ever_published":false,"footnotes":""},"class_list":["post-941","page","type-page","status-publish","hentry"],"jetpack_sharing_enabled":true,"_links":{"self":[{"href":"https:\/\/fima.org.br\/index.php?rest_route=\/wp\/v2\/pages\/941","targetHints":{"allow":["GET"]}}],"collection":[{"href":"https:\/\/fima.org.br\/index.php?rest_route=\/wp\/v2\/pages"}],"about":[{"href":"https:\/\/fima.org.br\/index.php?rest_route=\/wp\/v2\/types\/page"}],"author":[{"embeddable":true,"href":"https:\/\/fima.org.br\/index.php?rest_route=\/wp\/v2\/users\/1"}],"replies":[{"embeddable":true,"href":"https:\/\/fima.org.br\/index.php?rest_route=%2Fwp%2Fv2%2Fcomments&post=941"}],"version-history":[{"count":11,"href":"https:\/\/fima.org.br\/index.php?rest_route=\/wp\/v2\/pages\/941\/revisions"}],"predecessor-version":[{"id":1262,"href":"https:\/\/fima.org.br\/index.php?rest_route=\/wp\/v2\/pages\/941\/revisions\/1262"}],"wp:attachment":[{"href":"https:\/\/fima.org.br\/index.php?rest_route=%2Fwp%2Fv2%2Fmedia&parent=941"}],"curies":[{"name":"wp","href":"https:\/\/api.w.org\/{rel}","templated":true}]}}